36604 and 828?
276
Calculate the highest common factor of 468073368 and 28.
28
What is the greatest common factor of 105827 and 223?
1
What is the highest common factor of 135677546 and 134?
134
What is the greatest common divisor of 70810606 and 19228?
874
Calculate the highest common divisor of 42428 and 880.
4
Calculate the highest common divisor of 504413 and 4277.
91
What is the highest common divisor of 2 and 9044254?
2
What is the greatest common factor of 727488 and 5952?
192
What is the greatest common divisor of 656 and 16369988?
164
Calculate the highest common factor of 817270 and 30.
10
Calculate the highest common divisor of 6996 and 1976476.
212
Calculate the greatest common factor of 14745728 and 64.
64
Calculate the highest common divisor of 7724128 and 165790.
562
What is the greatest common factor of 39 and 196005407?
13
Calculate the highest common factor of 49208575 and 1690.
845
What is the highest common factor of 806 and 837366699?
403
What is the greatest common factor of 7878 and 519792?
78
Calculate the greatest common factor of 25 and 14989285.
5
Calculate the highest common divisor of 1404114 and 87606.
186
Calculate the greatest common factor of 341 and 64043489.
31
What is the greatest common divisor of 815068 and 320?
4
Calculate the greatest common factor of 178 and 137974.
2
Calculate the greatest common factor of 4534690 and 2260.
1130
What is the greatest common divisor of 41860 and 346955?
805
Calculate the greatest common divisor of 16768 and 3586780.
524
What is the highest common divisor of 180 and 3977930?
10
Calculate the greatest common factor of 26348559 and 348.
87
What is the highest common divisor of 13000 and 2025?
25
What is the highest common factor of 244030 and 5955?
5
Calculate the highest common factor of 6282 and 2001864.
2094
Calculate the highest common divisor of 196239 and 195.
3
Calculate the highest common divisor of 417657 and 73002.
69
Calculate the highest common divisor of 3746804688 and 1296.
1296
What is the highest common factor of 39215 and 2905705?
1265
Calculate the greatest common divisor of 230946 and 1020958.
1262
What is the greatest common factor of 55896975 and 10?
5
What is the greatest common divisor of 8709015 and 56355?
4335
Calculate the greatest common divisor of 12677792 and 1504.
32
What is the greatest common factor of 9731670 and 1170?
390
Calculate the greatest common factor of 1767710 and 625.
5
Calculate the greatest common divisor of 481815 and 368769.
249
What is the highest common divisor of 470 and 42110?
10
Calculate the greatest common factor of 130008 and 2424.
24
Calculate the highest common divisor of 53021 and 4059689.
1433
Calculate the greatest common divisor of 305 and 3374093.
61
What is the highest common factor of 4730 and 1350?
10
What is the greatest common factor of 152023 and 4154?
67
What is the greatest common divisor of 502 and 442738147?
251
Calculate the highest common divisor of 6697930 and 9590.
1370
Calculate the greatest common divisor of 91 and 599438.
7
What is the highest common factor of 48259587 and 12?
3
What is the highest common divisor of 440187 and 2607?
33
Calculate the greatest common divisor of 26800617 and 259.
37
Calculate the greatest common divisor of 176 and 142904.
8
Calculate the highest common factor of 20 and 7281380.
20
Calculate the greatest common factor of 279576 and 8723336.
2824
Calculate the highest common factor of 5003505 and 1080.
135
Calculate the greatest common factor of 4829106 and 166.
166
Calculate the greatest common factor of 460 and 1860460.
20
What is the greatest common factor of 135753 and 1598400?
111
What is the highest common divisor of 1220973 and 390?
39
Calculate the highest common divisor of 36285 and 540.
15
What is the greatest common factor of 769571 and 11825?
473
Calculate the highest common factor of 106617926 and 1264.
158
Calculate the highest common divisor of 200606 and 923197.
2047
Calculate the greatest common factor of 74957 and 40526.
23
What is the highest common divisor of 438686989 and 8109?
901
Calculate the highest common factor of 29396858 and 707.
101
What is the highest common divisor of 333 and 42416467?
37
What is the highest common divisor of 89 and 1312637?
1
What is the greatest common factor of 2759192 and 5598?
622
What is the greatest common factor of 528 and 13982232?
264
Calculate the greatest common divisor of 1 and 68032117.
1
Calculate the greatest common factor of 612906 and 17598.
42
Calculate the greatest common factor of 77 and 17632832.
7
What is the greatest common factor of 1341981 and 8487?
207
What is the greatest common divisor of 1610032 and 4700?
188
Calculate the greatest common divisor of 22589 and 2450.
49
Calculate the greatest common divisor of 12 and 45021897.
3
Calculate the greatest common factor of 700 and 1043476.
28
Calculate the greatest common divisor of 41286820 and 1480.
740
Calculate the greatest common factor of 16229906 and 418.
22
What is the highest common factor of 2061054 and 60?
6
What is the greatest common factor of 4635195 and 795?
15
Calculate the greatest common divisor of 12420 and 24755820.
1380
What is the greatest common divisor of 1508267670 and 130?
130
What is the greatest common factor of 73 and 183982849?
73
Calculate the greatest common divisor of 11160 and 135658170.
2790
What is the highest common factor of 161854 and 2167162?
2102
What is the greatest common divisor of 10504 and 2589640?
808
What is the greatest common divisor of 2117426 and 1886?
46
Calculate the greatest common divisor of 19 and 48690882.
19
Calculate the highest common factor of 5107 and 2082001332.
5107
Calculate the greatest common factor of 60108 and 546.
6
Calculate the highest common divisor of 85 and 14957824.
17
Calculate the greatest common factor of 163416 and 39072.
264
What is the highest common divisor of 2101 and 172876?
11
What is the greatest common factor of 1171664 and 793?
13
Calculate the greatest common factor of 1842964 and 9917.
47
Calculate the greatest common factor of 714 and 7439712.
42
Calculate the greatest common factor of 21773168 and 2960.
592
What is the greatest common factor of 7057158 and 111?
111
What is the greatest common factor of 2751523 and 247?
19
Calculate the highest common factor of 8210694 and 4343.
101
What is the greatest common divisor of 42 and 87166177?
7
Calculate the highest common factor of 4070 and 54104545.
2035
Calculate the greatest common divisor of 15578483 and 41.
41
Calculate the greatest common divisor of 8 and 3341804.
4
What is the greatest common factor of 70967 and 7631?
13
What is the highest common divisor of 419246 and 88?
2
Calculate the highest common factor of 254822 and 5047.
103
What is the greatest common factor of 178784 and 21016?
296
What is the greatest common factor of 768 and 6038064?
48
What is the highest common factor of 7004 and 433568?
68
Calculate the highest common divisor of 112 and 24375113.
7
What is the greatest common factor of 19548 and 6198?
6
Calculate the greatest common divisor of 1199 and 2063261.
109
Calculate the highest common divisor of 1584 and 12028808.
88
What is the greatest common divisor of 575 and 67660825?
575
Calculate the highest common factor of 2207941 and 11671.
1061
What is the greatest common divisor of 14116874 and 738?
82
Calculate the greatest common divisor of 8864 and 503.
1
Calculate the greatest common factor of 167553919 and 23.
23
What is the greatest common divisor of 173746 and 15914?
218
Calculate the highest common divisor of 521952 and 96.
96
Calculate the greatest common factor of 5952 and 691008.
192
What is the highest common factor of 5597586 and 162?
162
What is the greatest common divisor of 928 and 283359?
29
Calculate the greatest common factor of 1825 and 147435180.
365
Calculate the greatest common factor of 27201 and 772.
1
What is the greatest common factor of 188607650 and 3850?
3850
What is the highest common factor of 20723 and 48635079?
901
What is the highest common divisor of 19116 and 78224796?
2124
What is the greatest common factor of 2434014 and 86526?
3762
What is the highest common divisor of 8816663 and 4?
1
What is the highest common factor of 100672 and 3692?